{"id":695,"date":"2019-12-30T22:53:36","date_gmt":"2019-12-30T22:53:36","guid":{"rendered":"https:\/\/dermatologolaser.com\/albert-brugues\/"},"modified":"2020-03-30T10:43:35","modified_gmt":"2020-03-30T10:43:35","slug":"albert-brugues","status":"publish","type":"page","link":"https:\/\/dermatologolaser.com\/es\/albert-brugues\/","title":{"rendered":"Albert Brugu\u00e9s"},"content":{"rendered":"<div class=\"wpb-content-wrapper\"><p>[vc_row css=\u00bb.vc_custom_1579627056067{padding-bottom: 20px !important;}\u00bb][vc_column][vc_custom_heading text=\u00bb\u00abNuestra piel es nuestra carta de presentaci\u00f3n. Mejorar la salud de la piel es mejorar la calidad de vida de las personas y el dermat\u00f3logo tiene un papel relevante para alcanzar este reto\u00bb.\u00bb font_container=\u00bbtag:h5|text_align:center|color:%2349b0c1|line_height:2&#8243; use_theme_fonts=\u00bbyes\u00bb css_animation=\u00bbtop-to-bottom\u00bb rs_decor_place=\u00bb2&#8243;][\/vc_custom_heading][vc_empty_space][vc_row_inner gap=\u00bb3&#8243;][vc_column_inner width=\u00bb1\/2&#8243;][vc_single_image image=\u00bb412&#8243; img_size=\u00bbfull\u00bb rsclass=\u00bbclean\u00bb el_class=\u00bbdoctor-page-photo text-center tt_pt_3&#8243; rs_image_class=\u00bbimg-fluid\u00bb][\/vc_single_image][\/vc_column_inner][vc_column_inner width=\u00bb1\/2&#8243;][vc_column_text rsclass=\u00bbclean\u00bb]<\/p>\n<div class=\"doctor-info mb-4\">\n<div class=\"doctor-info-name\">\n<h4>DR. ALBERT BRUGU\u00c9S DAV\u00cd<\/h4>\n<p><b>Licenciado en Medicina y Cirug\u00eda.<\/b> T\u00edtulo extraordinario de licenciatura en Medicina y Cirug\u00eda por la Universidad Aut\u00f3noma de Barcelona.<\/p>\n<p>Especialista en <strong>Dermatolog\u00eda M\u00e9dico-Quir\u00fargica y Venerolog\u00eda<\/strong> por el Hospital Cl\u00ednic de Barcelona, Espa\u00f1a.<\/p>\n<p><strong>M\u00e1ster<\/strong> en competencias m\u00e9dicas avanzadas, especializaci\u00f3n en Patolog\u00eda Cut\u00e1nea avanzada. Facultad de Medicina de Barcelona.<\/p>\n<p>Certificado especialista <strong>BOARD Europeo UEMS-EBDV<\/strong> desde 2017<\/p>\n<\/div>\n<\/div>\n<p>[\/vc_column_text][vc_btn title=\u00bbCV COMPLETO\u00bb style=\u00bboutline\u00bb color=\u00bbpeacoc\u00bb align=\u00bbcenter\u00bb i_icon_fontawesome=\u00bbfa fa-file\u00bb button_block=\u00bbtrue\u00bb add_icon=\u00bbtrue\u00bb link=\u00bburl:https%3A%2F%2Fdermatologolaser.com%2Fwp-content%2Fuploads%2F2020%2F03%2FCV-albert_brugues_dermatologo.pdf||target:%20_blank|\u00bb][vc_separator css=\u00bb.vc_custom_1578693925857{padding-top: 10px !important;padding-bottom: 10px !important;}\u00bb][vc_column_text]Si lo deseas, puedes seguirme tambi\u00e9n en Instagram <a href=\"https:\/\/www.instagram.com\/docbrugues\/\" target=\"_blank\" rel=\"noopener noreferrer\"><strong>@docbrugues<\/strong><\/a>[\/vc_column_text][\/vc_column_inner][\/vc_row_inner][\/vc_column][\/vc_row][vc_row rsclass=\u00bbclean\u00bb el_id=\u00bbmodalBookingForm\u00bb el_class=\u00bbmodal modal-form fade\u00bb][vc_column width=\u00bb1\/2&#8243; rsclass=\u00bbclean\u00bb el_class=\u00bbmodal-dialog\u00bb rsinner=\u00bbmodal-content\u00bb][\/vc_column][vc_column width=\u00bb1\/2&#8243;][\/vc_column][\/vc_row][vc_section][\/vc_section]<\/p>\n<\/div>","protected":false},"excerpt":{"rendered":"<p>[vc_row css=\u00bb.vc_custom_1579627056067{padding-bottom: 20px !important;}\u00bb][vc_column][vc_custom_heading text=\u00bb\u00abNuestra piel es nuestra carta de presentaci\u00f3n. Mejorar la salud de la piel es mejorar la calidad de vida de las personas y el dermat\u00f3logo tiene un papel relevante para alcanzar este reto\u00bb.\u00bb font_container=\u00bbtag:h5|text_align:center|color:%2349b0c1|line_height:2&#8243; use_theme_fonts=\u00bbyes\u00bb css_animation=\u00bbtop-to-bottom\u00bb rs_decor_place=\u00bb2&#8243;][\/vc_custom_heading][vc_empty_space][vc_row_inner gap=\u00bb3&#8243;][vc_column_inner width=\u00bb1\/2&#8243;][vc_single_image image=\u00bb412&#8243; img_size=\u00bbfull\u00bb rsclass=\u00bbclean\u00bb el_class=\u00bbdoctor-page-photo text-center tt_pt_3&#8243; rs_image_class=\u00bbimg-fluid\u00bb][\/vc_single_image][\/vc_column_inner][vc_column_inner width=\u00bb1\/2&#8243;][vc_column_text rsclass=\u00bbclean\u00bb] DR. ALBERT BRUGU\u00c9S <\/p>\n<div class=\"btn-more-wrapper\"><a href=\"https:\/\/dermatologolaser.com\/es\/albert-brugues\/\" class=\"btn btn-sm btn-hover-fill\"><svg class=\"icon icon-right-arrow\" version=\"1.1\" xmlns=\"http:\/\/www.w3.org\/2000\/svg\" width=\"32\" height=\"32\" viewBox=\"0 0 32 32\"><path d=\"M21.548 5.088c-0.436-0.451-1.162-0.451-1.613 0-0.436 0.436-0.436 1.162 0 1.596l8.177 8.177h-26.984c-0.629 0.001-1.129 0.501-1.129 1.13s0.5 1.145 1.129 1.145h26.984l-8.177 8.162c-0.436 0.451-0.436 1.178 0 1.613 0.451 0.451 1.178 0.451 1.613 0l10.113-10.113c0.451-0.436 0.451-1.162 0-1.596l-10.113-10.114z\"><\/path><\/svg>Read More<span class=\"screen-reader-text\"> \u00abAlbert Brugu\u00e9s\u00bb<\/span><svg class=\"icon icon-right-arrow\" version=\"1.1\" xmlns=\"http:\/\/www.w3.org\/2000\/svg\" width=\"32\" height=\"32\" viewBox=\"0 0 32 32\"><path d=\"M21.548 5.088c-0.436-0.451-1.162-0.451-1.613 0-0.436 0.436-0.436 1.162 0 1.596l8.177 8.177h-26.984c-0.629 0.001-1.129 0.501-1.129 1.13s0.5 1.145 1.129 1.145h26.984l-8.177 8.162c-0.436 0.451-0.436 1.178 0 1.613 0.451 0.451 1.178 0.451 1.613 0l10.113-10.113c0.451-0.436 0.451-1.162 0-1.596l-10.113-10.114z\"><\/path><\/svg><\/a><\/div>\n","protected":false},"author":1,"featured_media":0,"parent":0,"menu_order":7,"comment_status":"closed","ping_status":"closed","template":"custompagett.php","meta":{"footnotes":""},"class_list":["post-695","page","type-page","status-publish","hentry"],"yoast_head":"<!-- This site is optimized with the Yoast SEO plugin v26.9 - https:\/\/yoast.com\/product\/yoast-seo-wordpress\/ -->\n<title>Albert Brugu\u00e9s - Dermat\u00f3logo especialista en l\u00e1ser CO2 en Andorra<\/title>\n<meta name=\"description\" content=\"Albert Brugu\u00e9s es cermat\u00f3logo especialista en l\u00e1ser CO2 y Nordlys en Andorra y en Barcelona. Descubre su curr\u00edculum entero.\" \/>\n<meta name=\"robots\" content=\"index, follow, max-snippet:-1, max-image-preview:large, max-video-preview:-1\" \/>\n<link rel=\"canonical\" href=\"https:\/\/dermatologolaser.com\/albert-brugues\/\" \/>\n<meta property=\"og:locale\" content=\"es_ES\" \/>\n<meta property=\"og:type\" content=\"article\" \/>\n<meta property=\"og:title\" content=\"Albert Brugu\u00e9s - Dermat\u00f3logo especialista en l\u00e1ser CO2 en Andorra\" \/>\n<meta property=\"og:description\" content=\"Albert Brugu\u00e9s es cermat\u00f3logo especialista en l\u00e1ser CO2 y Nordlys en Andorra y en Barcelona. Descubre su curr\u00edculum entero.\" \/>\n<meta property=\"og:url\" content=\"https:\/\/dermatologolaser.com\/albert-brugues\/\" \/>\n<meta property=\"og:site_name\" content=\"Dr. Albert Brugu\u00e9s\" \/>\n<meta property=\"article:modified_time\" content=\"2020-03-30T10:43:35+00:00\" \/>\n<meta name=\"twitter:card\" content=\"summary_large_image\" \/>\n<meta name=\"twitter:label1\" content=\"Tiempo de lectura\" \/>\n\t<meta name=\"twitter:data1\" content=\"2 minutos\" \/>\n<script type=\"application\/ld+json\" class=\"yoast-schema-graph\">{\"@context\":\"https:\/\/schema.org\",\"@graph\":[{\"@type\":\"WebPage\",\"@id\":\"https:\/\/dermatologolaser.com\/albert-brugues\/\",\"url\":\"https:\/\/dermatologolaser.com\/albert-brugues\/\",\"name\":\"Albert Brugu\u00e9s - Dermat\u00f3logo especialista en l\u00e1ser CO2 en Andorra\",\"isPartOf\":{\"@id\":\"https:\/\/dermatologolaser.com\/#website\"},\"datePublished\":\"2019-12-30T22:53:36+00:00\",\"dateModified\":\"2020-03-30T10:43:35+00:00\",\"description\":\"Albert Brugu\u00e9s es cermat\u00f3logo especialista en l\u00e1ser CO2 y Nordlys en Andorra y en Barcelona. Descubre su curr\u00edculum entero.\",\"breadcrumb\":{\"@id\":\"https:\/\/dermatologolaser.com\/albert-brugues\/#breadcrumb\"},\"inLanguage\":\"es\",\"potentialAction\":[{\"@type\":\"ReadAction\",\"target\":[\"https:\/\/dermatologolaser.com\/albert-brugues\/\"]}]},{\"@type\":\"BreadcrumbList\",\"@id\":\"https:\/\/dermatologolaser.com\/albert-brugues\/#breadcrumb\",\"itemListElement\":[{\"@type\":\"ListItem\",\"position\":1,\"name\":\"Inici\",\"item\":\"https:\/\/dermatologolaser.com\/\"},{\"@type\":\"ListItem\",\"position\":2,\"name\":\"Albert Brugu\u00e9s\"}]},{\"@type\":\"WebSite\",\"@id\":\"https:\/\/dermatologolaser.com\/#website\",\"url\":\"https:\/\/dermatologolaser.com\/\",\"name\":\"Dr. Albert Brugu\u00e9s\",\"description\":\"Dermatologo en Barcelona y Andorra\",\"publisher\":{\"@id\":\"https:\/\/dermatologolaser.com\/#organization\"},\"potentialAction\":[{\"@type\":\"SearchAction\",\"target\":{\"@type\":\"EntryPoint\",\"urlTemplate\":\"https:\/\/dermatologolaser.com\/?s={search_term_string}\"},\"query-input\":{\"@type\":\"PropertyValueSpecification\",\"valueRequired\":true,\"valueName\":\"search_term_string\"}}],\"inLanguage\":\"es\"},{\"@type\":\"Organization\",\"@id\":\"https:\/\/dermatologolaser.com\/#organization\",\"name\":\"Dr. Albert Brugu\u00e9s\",\"url\":\"https:\/\/dermatologolaser.com\/\",\"logo\":{\"@type\":\"ImageObject\",\"inLanguage\":\"es\",\"@id\":\"https:\/\/dermatologolaser.com\/#\/schema\/logo\/image\/\",\"url\":\"https:\/\/dermatologolaser.com\/wp-content\/uploads\/2020\/01\/cropped-logo_blau-1.png\",\"contentUrl\":\"https:\/\/dermatologolaser.com\/wp-content\/uploads\/2020\/01\/cropped-logo_blau-1.png\",\"width\":1000,\"height\":250,\"caption\":\"Dr. Albert Brugu\u00e9s\"},\"image\":{\"@id\":\"https:\/\/dermatologolaser.com\/#\/schema\/logo\/image\/\"}}]}<\/script>\n<!-- \/ Yoast SEO plugin. -->","yoast_head_json":{"title":"Albert Brugu\u00e9s - Dermat\u00f3logo especialista en l\u00e1ser CO2 en Andorra","description":"Albert Brugu\u00e9s es cermat\u00f3logo especialista en l\u00e1ser CO2 y Nordlys en Andorra y en Barcelona. Descubre su curr\u00edculum entero.","robots":{"index":"index","follow":"follow","max-snippet":"max-snippet:-1","max-image-preview":"max-image-preview:large","max-video-preview":"max-video-preview:-1"},"canonical":"https:\/\/dermatologolaser.com\/albert-brugues\/","og_locale":"es_ES","og_type":"article","og_title":"Albert Brugu\u00e9s - Dermat\u00f3logo especialista en l\u00e1ser CO2 en Andorra","og_description":"Albert Brugu\u00e9s es cermat\u00f3logo especialista en l\u00e1ser CO2 y Nordlys en Andorra y en Barcelona. Descubre su curr\u00edculum entero.","og_url":"https:\/\/dermatologolaser.com\/albert-brugues\/","og_site_name":"Dr. Albert Brugu\u00e9s","article_modified_time":"2020-03-30T10:43:35+00:00","twitter_card":"summary_large_image","twitter_misc":{"Tiempo de lectura":"2 minutos"},"schema":{"@context":"https:\/\/schema.org","@graph":[{"@type":"WebPage","@id":"https:\/\/dermatologolaser.com\/albert-brugues\/","url":"https:\/\/dermatologolaser.com\/albert-brugues\/","name":"Albert Brugu\u00e9s - Dermat\u00f3logo especialista en l\u00e1ser CO2 en Andorra","isPartOf":{"@id":"https:\/\/dermatologolaser.com\/#website"},"datePublished":"2019-12-30T22:53:36+00:00","dateModified":"2020-03-30T10:43:35+00:00","description":"Albert Brugu\u00e9s es cermat\u00f3logo especialista en l\u00e1ser CO2 y Nordlys en Andorra y en Barcelona. Descubre su curr\u00edculum entero.","breadcrumb":{"@id":"https:\/\/dermatologolaser.com\/albert-brugues\/#breadcrumb"},"inLanguage":"es","potentialAction":[{"@type":"ReadAction","target":["https:\/\/dermatologolaser.com\/albert-brugues\/"]}]},{"@type":"BreadcrumbList","@id":"https:\/\/dermatologolaser.com\/albert-brugues\/#breadcrumb","itemListElement":[{"@type":"ListItem","position":1,"name":"Inici","item":"https:\/\/dermatologolaser.com\/"},{"@type":"ListItem","position":2,"name":"Albert Brugu\u00e9s"}]},{"@type":"WebSite","@id":"https:\/\/dermatologolaser.com\/#website","url":"https:\/\/dermatologolaser.com\/","name":"Dr. Albert Brugu\u00e9s","description":"Dermatologo en Barcelona y Andorra","publisher":{"@id":"https:\/\/dermatologolaser.com\/#organization"},"potentialAction":[{"@type":"SearchAction","target":{"@type":"EntryPoint","urlTemplate":"https:\/\/dermatologolaser.com\/?s={search_term_string}"},"query-input":{"@type":"PropertyValueSpecification","valueRequired":true,"valueName":"search_term_string"}}],"inLanguage":"es"},{"@type":"Organization","@id":"https:\/\/dermatologolaser.com\/#organization","name":"Dr. Albert Brugu\u00e9s","url":"https:\/\/dermatologolaser.com\/","logo":{"@type":"ImageObject","inLanguage":"es","@id":"https:\/\/dermatologolaser.com\/#\/schema\/logo\/image\/","url":"https:\/\/dermatologolaser.com\/wp-content\/uploads\/2020\/01\/cropped-logo_blau-1.png","contentUrl":"https:\/\/dermatologolaser.com\/wp-content\/uploads\/2020\/01\/cropped-logo_blau-1.png","width":1000,"height":250,"caption":"Dr. Albert Brugu\u00e9s"},"image":{"@id":"https:\/\/dermatologolaser.com\/#\/schema\/logo\/image\/"}}]}},"_links":{"self":[{"href":"https:\/\/dermatologolaser.com\/es\/wp-json\/wp\/v2\/pages\/695","targetHints":{"allow":["GET"]}}],"collection":[{"href":"https:\/\/dermatologolaser.com\/es\/wp-json\/wp\/v2\/pages"}],"about":[{"href":"https:\/\/dermatologolaser.com\/es\/wp-json\/wp\/v2\/types\/page"}],"author":[{"embeddable":true,"href":"https:\/\/dermatologolaser.com\/es\/wp-json\/wp\/v2\/users\/1"}],"replies":[{"embeddable":true,"href":"https:\/\/dermatologolaser.com\/es\/wp-json\/wp\/v2\/comments?post=695"}],"version-history":[{"count":5,"href":"https:\/\/dermatologolaser.com\/es\/wp-json\/wp\/v2\/pages\/695\/revisions"}],"predecessor-version":[{"id":897,"href":"https:\/\/dermatologolaser.com\/es\/wp-json\/wp\/v2\/pages\/695\/revisions\/897"}],"wp:attachment":[{"href":"https:\/\/dermatologolaser.com\/es\/wp-json\/wp\/v2\/media?parent=695"}],"curies":[{"name":"wp","href":"https:\/\/api.w.org\/{rel}","templated":true}]}}

Albert Brugués

<div class="wpb-content-wrapper"><p>[vc_row css=».vc_custom_1579627056067{padding-bottom: 20px !important;}»][vc_column][vc_custom_heading text=»«Nuestra piel es nuestra carta de presentación. Mejorar la salud de la piel es mejorar la calidad de vida de las personas y el dermatólogo tiene un papel relevante para alcanzar este reto».» font_container=»tag:h5|text_align:center|color:%2349b0c1|line_height:2&#8243; use_theme_fonts=»yes» css_animation=»top-to-bottom» rs_decor_place=»2&#8243;][/vc_custom_heading][vc_empty_space][vc_row_inner gap=»3&#8243;][vc_column_inner width=»1/2&#8243;][vc_single_image image=»412&#8243; img_size=»full» rsclass=»clean» el_class=»doctor-page-photo text-center tt_pt_3&#8243; rs_image_class=»img-fluid»][/vc_single_image][/vc_column_inner][vc_column_inner width=»1/2&#8243;][vc_column_text rsclass=»clean»]</p>
<div class="doctor-info mb-4">
<div class="doctor-info-name">
<h4>DR. ALBERT BRUGUÉS DAVÍ</h4>
<p><b>Licenciado en Medicina y Cirugía.</b> Título extraordinario de licenciatura en Medicina y Cirugía por la Universidad Autónoma de Barcelona.</p>
<p>Especialista en <strong>Dermatología Médico-Quirúrgica y Venerología</strong> por el Hospital Clínic de Barcelona, España.</p>
<p><strong>Máster</strong> en competencias médicas avanzadas, especialización en Patología Cutánea avanzada. Facultad de Medicina de Barcelona.</p>
<p>Certificado especialista <strong>BOARD Europeo UEMS-EBDV</strong> desde 2017</p>
</div>
</div>
<p>[/vc_column_text][vc_btn title=»CV COMPLETO» style=»outline» color=»peacoc» align=»center» i_icon_fontawesome=»fa fa-file» button_block=»true» add_icon=»true» link=»url:https%3A%2F%2Fdermatologolaser.com%2Fwp-content%2Fuploads%2F2020%2F03%2FCV-albert_brugues_dermatologo.pdf||target:%20_blank|»][vc_separator css=».vc_custom_1578693925857{padding-top: 10px !important;padding-bottom: 10px !important;}»][vc_column_text]Si lo deseas, puedes seguirme también en Instagram <a href="https://www.instagram.com/docbrugues/" target="_blank" rel="noopener noreferrer"><strong>@docbrugues</strong></a>[/vc_column_text][/vc_column_inner][/vc_row_inner][/vc_column][/vc_row][vc_row rsclass=»clean» el_id=»modalBookingForm» el_class=»modal modal-form fade»][vc_column width=»1/2&#8243; rsclass=»clean» el_class=»modal-dialog» rsinner=»modal-content»][/vc_column][vc_column width=»1/2&#8243;][/vc_column][/vc_row][vc_section][/vc_section]</p>
</div>

<p>[vc_row css=».vc_custom_1579627056067{padding-bottom: 20px !important;}»][vc_column][vc_custom_heading text=»«Nuestra piel es nuestra carta de presentación. Mejorar la salud de la piel es mejorar la calidad de vida de las personas y el dermatólogo tiene un papel relevante para alcanzar este reto».» font_container=»tag:h5|text_align:center|color:%2349b0c1|line_height:2&#8243; use_theme_fonts=»yes» css_animation=»top-to-bottom» rs_decor_place=»2&#8243;][/vc_custom_heading][vc_empty_space][vc_row_inner gap=»3&#8243;][vc_column_inner width=»1/2&#8243;][vc_single_image image=»412&#8243; img_size=»full» rsclass=»clean» el_class=»doctor-page-photo text-center tt_pt_3&#8243; rs_image_class=»img-fluid»][/vc_single_image][/vc_column_inner][vc_column_inner width=»1/2&#8243;][vc_column_text rsclass=»clean»] DR. ALBERT BRUGUÉS </p>
<div class="btn-more-wrapper"><a href="https://dermatologolaser.com/es/albert-brugues/" class="btn btn-sm btn-hover-fill"><svg class="icon icon-right-arrow" version="1.1" xmlns="http://www.w3.org/2000/svg" width="32" height="32" viewBox="0 0 32 32"><path d="M21.548 5.088c-0.436-0.451-1.162-0.451-1.613 0-0.436 0.436-0.436 1.162 0 1.596l8.177 8.177h-26.984c-0.629 0.001-1.129 0.501-1.129 1.13s0.5 1.145 1.129 1.145h26.984l-8.177 8.162c-0.436 0.451-0.436 1.178 0 1.613 0.451 0.451 1.178 0.451 1.613 0l10.113-10.113c0.451-0.436 0.451-1.162 0-1.596l-10.113-10.114z"></path></svg>Read More<span class="screen-reader-text"> «Albert Brugués»</span><svg class="icon icon-right-arrow" version="1.1" xmlns="http://www.w3.org/2000/svg" width="32" height="32" viewBox="0 0 32 32"><path d="M21.548 5.088c-0.436-0.451-1.162-0.451-1.613 0-0.436 0.436-0.436 1.162 0 1.596l8.177 8.177h-26.984c-0.629 0.001-1.129 0.501-1.129 1.13s0.5 1.145 1.129 1.145h26.984l-8.177 8.162c-0.436 0.451-0.436 1.178 0 1.613 0.451 0.451 1.178 0.451 1.613 0l10.113-10.113c0.451-0.436 0.451-1.162 0-1.596l-10.113-10.114z"></path></svg></a></div>

<!-- This site is optimized with the Yoast SEO plugin v26.9 - https://yoast.com/product/yoast-seo-wordpress/ -->
<title>Albert Brugués - Dermatólogo especialista en láser CO2 en Andorra</title>
<meta name="description" content="Albert Brugués es cermatólogo especialista en láser CO2 y Nordlys en Andorra y en Barcelona. Descubre su currículum entero." />
<meta name="robots" content="index, follow, max-snippet:-1, max-image-preview:large, max-video-preview:-1" />
<link rel="canonical" href="https://dermatologolaser.com/albert-brugues/" />
<meta property="og:locale" content="es_ES" />
<meta property="og:type" content="article" />
<meta property="og:title" content="Albert Brugués - Dermatólogo especialista en láser CO2 en Andorra" />
<meta property="og:description" content="Albert Brugués es cermatólogo especialista en láser CO2 y Nordlys en Andorra y en Barcelona. Descubre su currículum entero." />
<meta property="og:url" content="https://dermatologolaser.com/albert-brugues/" />
<meta property="og:site_name" content="Dr. Albert Brugués" />
<meta property="article:modified_time" content="2020-03-30T10:43:35+00:00" />
<meta name="twitter:card" content="summary_large_image" />
<meta name="twitter:label1" content="Tiempo de lectura" />
	<meta name="twitter:data1" content="2 minutos" />
<script type="application/ld+json" class="yoast-schema-graph">{"@context":"https://schema.org","@graph":[{"@type":"WebPage","@id":"https://dermatologolaser.com/albert-brugues/","url":"https://dermatologolaser.com/albert-brugues/","name":"Albert Brugués - Dermatólogo especialista en láser CO2 en Andorra","isPartOf":{"@id":"https://dermatologolaser.com/#website"},"datePublished":"2019-12-30T22:53:36+00:00","dateModified":"2020-03-30T10:43:35+00:00","description":"Albert Brugués es cermatólogo especialista en láser CO2 y Nordlys en Andorra y en Barcelona. Descubre su currículum entero.","breadcrumb":{"@id":"https://dermatologolaser.com/albert-brugues/#breadcrumb"},"inLanguage":"es","potentialAction":[{"@type":"ReadAction","target":["https://dermatologolaser.com/albert-brugues/"]}]},{"@type":"BreadcrumbList","@id":"https://dermatologolaser.com/albert-brugues/#breadcrumb","itemListElement":[{"@type":"ListItem","position":1,"name":"Inici","item":"https://dermatologolaser.com/"},{"@type":"ListItem","position":2,"name":"Albert Brugués"}]},{"@type":"WebSite","@id":"https://dermatologolaser.com/#website","url":"https://dermatologolaser.com/","name":"Dr. Albert Brugués","description":"Dermatologo en Barcelona y Andorra","publisher":{"@id":"https://dermatologolaser.com/#organization"},"potentialAction":[{"@type":"SearchAction","target":{"@type":"EntryPoint","urlTemplate":"https://dermatologolaser.com/?s={search_term_string}"},"query-input":{"@type":"PropertyValueSpecification","valueRequired":true,"valueName":"search_term_string"}}],"inLanguage":"es"},{"@type":"Organization","@id":"https://dermatologolaser.com/#organization","name":"Dr. Albert Brugués","url":"https://dermatologolaser.com/","logo":{"@type":"ImageObject","inLanguage":"es","@id":"https://dermatologolaser.com/#/schema/logo/image/","url":"https://dermatologolaser.com/wp-content/uploads/2020/01/cropped-logo_blau-1.png","contentUrl":"https://dermatologolaser.com/wp-content/uploads/2020/01/cropped-logo_blau-1.png","width":1000,"height":250,"caption":"Dr. Albert Brugués"},"image":{"@id":"https://dermatologolaser.com/#/schema/logo/image/"}}]}</script>
<!-- / Yoast SEO plugin. -->

Albert Brugués - Dermatólogo especialista en láser CO2 en Andorra

Albert Brugués es cermatólogo especialista en láser CO2 y Nordlys en Andorra y en Barcelona. Descubre su currículum entero.

Dr. Albert Brugués
